(12/8). Let s = k + 22. What is the units digit of (8/(-6))/(s/(-6))?
4
Let a(q) = 248*q**2 - 9*q - 22. What is the units digit of a(-2)?
8
Let n(z) = z**3 + 5*z**2 + 2*z - 20. Let m be n(-8). Let f = -133 - m. What is the units digit of f?
5
Suppose 4*y = 12, -4*w - 2*y + 851 = -1999. What is the tens digit of w?
1
Let d = 2280 - 970. What is the tens digit of d?
1
Suppose -4*b + 4*s = -4184, -16*s = -5*b - 14*s + 5233. What is the tens digit of b?
4
Suppose 16*u - 63126 + 10822 = 0. What is the tens digit of u?
6
Suppose 20 = -5*r - 0. Let s be 3 + (r - -4) + 0. Suppose -115 = -2*p - 5*a, p - s*a - 18 = 23. What is the units digit of p?
0
Let f(x) = -x**2 + 10*x - 12. Let u be f(8). Suppose -4*r = u*t - 96, 5*t - t - 2*r - 126 = 0. Let o = 56 - t. What is the tens digit of o?
2
Let z = -273 - -503. What is the hundreds digit of z?
2
Let a = -18 + 29. Let g be 10/45 + a/(-9). What is the tens digit of g*(-46)/2 + 3?
2
Suppose 5*l + 17 = -o, -5*o + 0*l = -l - 19. What is the units digit of (104/o)/(26/39)?
2
Let l(y) = -13*y - 10. Let a be l(-3). Suppose -2*q - 5*v + 32 = 0, 2*q - 5*v - 43 = -11. Let h = a - q. What is the units digit of h?
3
Let p = 1 - 1. Let q(l) be the third derivative of -l**4/24 + 32*l**3/3 + 22*l**2 - l. What is the tens digit of q(p)?
6
Let c(x) = 1 - 7*x**2 + 2*x - x - 3*x + 55*x**2. What is the tens digit of c(1)?
4
Let a(q) = -26*q - 15. Let c be a(-6). Let j be (c/6)/((-2)/28). What is the tens digit of (j/14)/(2/(-4))?
4
Let s(m) = -356*m - 22. What is the units digit of s(-1)?
4
What is the tens digit of (7 - (-1 + -452)) + (-6)/(-2)?
6
Let x be 36/((-255)/66 - -4). Suppose -9*d = x - 1848. What is the tens digit of d?
7
Let q = 5 + 10. Suppose 5*z + 3*x = 10, 5*z = 5*x - x - 25. What is the units digit of (95/q)/(z/(-3))?
9
Let m(h) = -3*h + 2*h + 7 + 5*h - 2. Let s be ((-4)/(-2) - -3)*1. What is the units digit of m(s)?
5
Let v(a) = 2*a**2 - 1. Let o be v(-7). Let f = o - 40. What is the units digit of f?
7
Let t(n) = -4*n + 17. Let h(w) be the third derivative of -w**4/6 + 8*w**3/3 - w**2. Let z(r) = 4*h(r) - 5*t(r). What is the units digit of z(14)?
5
Let c be (2 - 4)/(2/(-3)). Suppose -3 = c*m + 3. Let w = m + 3. What is the units digit of w?
1
Let x(h) = -7*h + 4*h**2 - 1 - h**3 + 5*h**2 + 14. Let f be x(4). Let j = 106 - f. What is the tens digit of j?
4
Let x = 977 + 1465. What is the hundreds digit of x?
4
Let r = -1327 - -2367. What is the thousands digit of r?
1
Let r = 24 + -17. Suppose -r*p + 444 = -p. What is the tens digit of p?
7
Suppose -6*n + 2688 = -2*n - 4*k, -n - k + 666 = 0. What is the hundreds digit of n?
6
Suppose -v + 3*v - 29 = 5*x, 4*v = 3*x + 23. What is the units digit of ((-728)/(-32))/(v/8)?
1
Let p = -1 + -5. Let w be 12/(-10)*(-80)/p. Let v = 40 + w. What is the tens digit of v?
2
Let g(p) = -p**2 + 6*p - 6. Let u be g(4). Suppose 0 = -b - u*b. Suppose b = 4*c - 18 - 102. What is the units digit of c?
0
Let t = 41 - 36. Let l = t + 51. What is the units digit of l?
6
Let o(t) = -20*t - 155. What is the units digit of o(-23)?
5
Suppose -8*y + 17234 = -526. What is the units digit of y?
0
Let k be -4 - (12/(-1))/4. What is the units digit of 5 + -1 + 42 + k?
5
Let v = -449 - -316. Let u = -93 - v. What is the tens digit of u?
4
Let z = -77 + 35. Let f = z + -90. What is the units digit of (-10)/(-3)*f/(-8)?
5
Suppose 11605 = 19*n + 813. What is the units digit of n?
8
Let p be ((-2 + 2)/(-4 + 3))/(-1). Suppose -4*x - 1605 = -5*g, p*x = 5*g + 2*x - 1605. What is the units digit of g?
1
Suppose 2*o = 1 + 13. Suppose -229 = -o*k + 9. What is the tens digit of k?
3
Suppose -3*m - 107*w = -112*w - 4774, 0 = -3*m - 5*w + 4754. What is the hundreds digit of m?
5
Let o(l) = 23*l + 13. Let x(d) = 68*d + 38. Let p(s) = -17*o(s) + 6*x(s). What is the tens digit of p(4)?
7
Suppose -4*b + 12 = -3*b. Suppose -2*s + 0*s = -b. What is the units digit of -1 + -1 - (-3 - s)?
7
Let p(z) = z**3 + 8*z**2 - 9*z - 20. Let y(s) = -9*s**3 + s**2 - s + 1. Let r be y(1). What is the tens digit of p(r)?
5
Suppose 2*u - 6 + 26 = 0. Let x = u + 40. What is the tens digit of x?
3
Let n = 0 - 8. Let y be 42/(-10) + n/(-40). What is the units digit of (1*y)/(6/(-3))?
2
Let n(t) = -t**2 + t - 35. Let p(z) = -z**2 + z - 34. Let m(x) = 4*n(x) - 5*p(x). What is the hundreds digit of m(-9)?
1
Let u(y) = 3*y - 5. Let h(o) = -o - 4. Let d be h(-7). Let l be u(d). Suppose 5*r - a - 15 = 0, -a = r + l*a - 3. What is the units digit of r?
3
What is the thousands digit of 0 - -2 - (-10)/((-20)/(-2094))?
1
Let j = -10 - -14. Let p(x) = 5 - 3 + 0*x + 3*x. What is the units digit of p(j)?
4
Let o be 18*(15/2)/3. Let z be (-18 + 5 + -7)*3/(-12). Suppose z - o = -m. What is the tens digit of m?
4
Let k be (6/4 + -3)*-6. Let y be 32 - 1 - (k - 11). Let c = -23 + y. What is the units digit of c?
0
Let r(v) = -5*v**3 + 6*v**2 - 17*v - 26. What is the thousands digit of r(-6)?
1
Let g(x) = x**3 - 4*x**2 + 4*x + 1. Let o be g(3). Let q(j) = -5*j**3 - 7*j**2 - j + o*j**3 - 7*j. What is the units digit of q(-6)?
2
Let y(k) = -k**3 + 8*k**2 + 2*k - 11. Suppose 8*p - 12*p + 32 = 0. Let i be y(p). Suppose n = i*n - 20. What is the units digit of n?
5
Suppose 244 = 4*h - 44. What is the units digit of h?
2
Let y(w) = 27*w**2 - 2*w - 6. Let j be y(3). Suppose -j = -8*i - 23. What is the tens digit of i?
2
Suppose 8*w - 8191 - 7377 = 0. What is the hundreds digit of w?
9
Suppose -w + 3*x = -2*x + 20, -4*w = 4*x - 16. Suppose i + 4 - 10 = w. Let g = i + 1. What is the units digit of g?
7
What is the hundreds digit of (11 - -870) + (-24)/(-6)?
8
Let v = 19 - -55. Let o = v - 28. What is the tens digit of o?
4
Suppose 215*n - 210*n - 5305 = 0. What is the thousands digit of n?
1
Suppose -2*q = -x - 6, 4*x - 2*q = 2*q - 4. What is the units digit of 7*(12/(-4) + x)?
7
Let z be (12 - 3)/3 - 0. Suppose 0 = s - 4, 0 = 5*a + z*s - 22. Suppose -a*g = 4, -l - l - 2*g = 2. What is the units digit of l?
1
Let c(v) = -v**2 + 1 + 45*v + 125*v**3 - 22*v - 24*v. What is the units digit of c(1)?
4
Suppose -11220 = -5*j - 5*u, 3*j - 3685 - 3047 = 4*u. What is the thousands digit of j?
2
Let f(v) be the third derivative of 13*v**4/24 + v**3/2 - 6*v**2. Let w be f(3). Let j = w + -25. What is the units digit of j?
7
Let v = -14 - 20. Let x = -19 - v. What is the tens digit of 0 + (x - (1 + 2))?
1
What is the tens digit of 2 + -2 + 4 - (5 - 490)?
8
What is the units digit of (-8)/180*-267 + (-4)/(-30)?
2
Suppose 327 = 2*b - 5*j, b + j = 2*j + 162. Let i = b - 106. What is the units digit of i?
5
Suppose 4*l - l = 0. Suppose 2*o = 5*w - 24, w - 5*w + o + 18 = l. Suppose -w*b + 9*b + 44 = 4*z, -38 = -5*z + 2*b. What is the units digit of z?
6
Let n(b) = b + 4. Let h be n(5). Let c(o) = -12 + 5 - 2 + h*o. What is the units digit of c(4)?
7
Suppose 62*u - 32058 = 44*u. What is the thousands digit of u?
1
Let l(t) = -t + 11. Let h(u) = u - 10. Let g(a) = 3*h(a) + 2*l(a). Let r be g(14). Suppose -5*o = -4*y - 52, r*y = 4*o + y - 47. What is the units digit of o?
8
Let o be 1137*(-9)/(27/(-2)). Suppose -3*q = 4*c - o, -3*c + 178 = -2*c - 5*q. What is the units digit of c?
8
Suppose -12*z = -9*z + 21. What is the tens digit of z/(105/6) + (-417)/(-5)?
8
Let d(r) = -r**3 - 19*r**2 - 23*r + 22. Let a = -30 + 12. What is the tens digit of d(a)?
1
What is the hundreds digit of 1916/6 - (-8)/12?
3
What is the units digit of 962727/172 - 6/(-8)?
8
Let r(z) = 11*z**2 - 62*z - 24. What is the hundreds digit of r(11)?
6
Suppose -5*v - 3*g + 5*g = -1550, 0 = -v + 5*g + 287. Suppose -3*n = -7*n + v. Suppose b + 2*b = n. What is the units digit of b?
6
Let h(u) = -238*u + 140. What is the hundreds digit of h(-16)?
9
What is the units digit of (-2 + (-4)/8)/((-4)/600)?
5
Let l(m) = -m**2 + 10*m + 29. What is the tens digit of l(4)?
5
Let w(z) = z**3 - 3*z**2 - 3*z + 3046. What is the units digit of w(0)?
6
What is the hundreds digit of 6/21 + 24960/56?
4
Let g = 76 + -68. Let l(u) = u**3 - 6*u**2 + 3*u - 2. What is the hundreds digit of l(g)?
1
Let d(h) = h**2 + 2*h - 3. Let n be d(3). Suppose 11*w = n*w - 92. What is the units digit of w?
2
Let g = -20 - -10. Let o be (-45)/g + (-3)/6. Suppose k + o*k = 35. What is the units digit of k?
7
Suppose 13*f - 20 = 12*f. Suppose -5*z 